se
Does 166 divide 42836134?
True
Is 25 a factor of 130401?
False
Is 52232000 a multiple of 242?
False
Is 2 a factor of 68516473?
False
Is 728157061 a multiple of 2616?
False
Is 13 a factor of 14760746?
True
Is 1609692242 a multiple of 4815?
False
Is 460934288 a multiple of 16?
True
Is 2610824180 a multiple of 7?
False
Is 610026084 a multiple of 26?
False
Is 125 a factor of 2798985625?
True
Does 28 divide 569511543?
False
Is 306397260 a multiple of 130?
True
Does 103 divide 1033371142?
False
Is 15 a factor of 202180117?
False
Is 518726386 a multiple of 1450?
False
Is 608942229 a multiple of 431?
True
Is 27031806 a multiple of 243?
True
Does 6 divide 32658013?
False
Is 518 a factor of 10831898?
True
Does 5 divide 45124025?
True
Does 472 divide 153296160?
True
Is 49773121 a multiple of 341?
False
Is 473954080 a multiple of 1888?
True
Is 39000198 a multiple of 849?
False
Is 1580985193 a multiple of 323?
True
Is 34118968 a multiple of 309?
False
Is 12 a factor of 365100?
True
Is 748404520 a multiple of 10?
True
Does 2 divide 4879459?
False
Is 469 a factor of 65680636?
True
Is 839211555 a multiple of 141?
True
Is 22 a factor of 420687608?
True
Does 14 divide 15326346?
True
Does 20 divide 63356200?
True
Is 40 a factor of 9842000?
True
Is 89135752 a multiple of 1136?
False
Does 50 divide 46689415?
False
Does 181 divide 65753499?
True
Is 5 a factor of 37216560?
True
Is 8 a factor of 766592906?
False
Is 9658985 a multiple of 160?
False
Is 22 a factor of 1120196704?
True
Is 31 a factor of 51050859?
False
Is 58466828 a multiple of 322?
True
Is 4122130 a multiple of 2?
True
Is 1397857754 a multiple of 25?
False
Does 583 divide 1846669990?
True
Is 29 a factor of 774563088?
True
Is 58756104 a multiple of 26?
False
Is 550085256 a multiple of 252?
True
Is 82416870 a multiple of 30?
True
Is 13624739 a multiple of 8?
False
Does 1804 divide 36404720?
True
Is 93769761 a multiple of 13?
False
Does 1800 divide 8391955?
False
Does 17 divide 55553051?
False
Is 452418647 a multiple of 4294?
False
Is 68390607 a multiple of 20?
False
Is 4 a factor of 103568397?
False
Is 15 a factor of 87479925?
True
Is 292626555 a multiple of 195?
True
Is 251 a factor of 1273393380?
False
Is 75 a factor of 125822325?
True
Does 308 divide 235874045?
False
Does 25 divide 1125831925?
True
Is 906002991 a multiple of 3303?
True
Is 377084616 a multiple of 452?
True
Is 1404950778 a multiple of 1246?
False
Is 66441329 a multiple of 580?
False
Does 161 divide 2193111?
False
Is 2048 a factor of 42983481?
False
Is 7639050 a multiple of 30?
True
Is 509171130 a multiple of 9572?
False
Is 20677097 a multiple of 229?
True
Is 2565 a factor of 70378111?
False
Is 2237638 a multiple of 2?
True
Is 13 a factor of 37452285?
True
Is 71686800 a multiple of 75?
True
Is 4974717277 a multiple of 529?
False
Is 132 a factor of 29969544?
True
Does 58 divide 564973882?
True
Is 1726 a factor of 7687604?
True
Is 8756 a factor of 2401580286?
False
Is 207152596 a multiple of 538?
True
Does 939 divide 920928006?
True
Is 1001 a factor of 46615569?
True
Does 229 divide 173170716?
True
Does 7 divide 27699357?
True
Does 4 divide 20632836?
True
Is 45 a factor of 4298535?
True
Is 73 a factor of 159247678?
False
Does 2942 divide 3285569459?
False
Is 32134720 a multiple of 12?
False
Does 1413 divide 374904713?
False
Does 4 divide 783070?
False
Is 2 a factor of 29696400?
True
Does 11 divide 1808142?
False
Is 23 a factor of 31791959?
False
Is 43796469 a multiple of 8?
False
Is 1847 a factor of 371036442?
True
Is 44017032 a multiple of 92?
True
Is 15 a factor of 445866974?
False
Is 12501805 a multiple of 74?
False
Is 43161915 a multiple of 115?
True
Is 54886045 a multiple of 40?
False
Does 221 divide 25473565?
True
Is 12367512 a multiple of 18?
True
Is 47079088 a multiple of 56?
True
Is 298 a factor of 44091247?
False
Does 149 divide 470568373?
True
Is 22 a factor of 1165568167?
False
Is 524992909 a multiple of 859?
False
Is 162 a factor of 5045328?
True
Is 15751385 a multiple of 306?
False
Does 1583 divide 1781949857?
True
Is 43560018 a multiple of 51?
True
Is 3478810 a multiple of 331?
True
Is 19682556 a multiple of 173?
True
Does 29 divide 2128852010?
True
Does 5 divide 51364933?
False
Is 22 a factor of 630647886?
True
Is 140 a factor of 66578861?
False
Is 11029284 a multiple of 28?
True
Does 896 divide 139828864?
True
Is 480918304 a multiple of 186?
False
Is 6270989 a multiple of 101?
True
Does 53 divide 49184954?
True
Does 253 divide 181804788?
True
Is 368811968 a multiple of 112?
True
Does 71 divide 8217540?
True
Is 306930546 a multiple of 611?
False
Does 40 divide 20660392?
False
Is 1487711359 a multiple of 12096?
False
Is 3000 a factor of 303276000?
True
Does 877 divide 997010886?
False
Does 1213 divide 1723377028?
True
Is 2039 a factor of 6406609816?
False
Is 12 a factor of 147926220?
True
Does 7 divide 5001683?
False
Does 25 divide 3932925?
True
Is 112 a factor of 1794805376?
True
Is 5 a factor of 7377965?
True
Is 6590798 a multiple of 2?
True
Is 729911336 a multiple of 4187?
True
Is 26606173 a multiple of 1343?
True
Does 2418 divide 226314201?
False
Does 16 divide 24493472?
True
Is 15 a factor of 240461713?
False
Is 5276285 a multiple of 15?
False
Is 4331610 a multiple of 18?
True
Is 232 a factor of 3838005653?
False
Does 55 divide 282863360?
False
Is 23 a factor of 97816001?
False
Is 2218 a factor of 17963913?
False
Is 45363795 a multiple of 447?
True
Is 18325087 a multiple of 1631?
False
Is 1162 a factor of 30301474?
True
Is 106389777 a multiple of 24?
False
Does 20 divide 360508108?
False
Does 4053 divide 3221578708?
False
Is 760033742 a multiple of 26?
True
Does 13 divide 110695?
True
Is 58 a factor of 87364914?
False
Does 248 divide 54528504?
True
Is 162686256 a multiple of 53?
True
Is 29 a factor of 53078207?
True
Does 3442 divide 5816367?
False
Is 579457139 a multiple of 92?
False
Does 26 divide 20510152?
True
Does 79 divide 664517032?
True
Does 137 divide 255432825?
False
Is 315990897 a multiple of 10?
False
Is 75 a factor of 41204125?
False
Is 65867074 a multiple of 91?
True
Is 28185613 a multiple of 4756?
False
Does 22 divide 1084973692?
True
Is 379 a factor of 13650108?
False
Is 15466295 a multiple of 3601?
True
Does 5851 divide 1975792186?
False
Is 542421042 a multiple of 234?
False
Is 3760720 a multiple of 8?
True
Is 171477192 a multiple of 381?
False
Is 26 a factor of 206858346?
False
Is 1763222 a multiple of 918?
False
Does 23 divide 1325254618?
True
Is 112 a factor of 15713962?
False
Is 286 a factor of 161316870?
True
Is 15830509 a multiple of 1077?
False
Is 80 a factor of 707160000?
True
Does 19 divide 63250202?
True
Does 111 divide 12285591?
True
Is 16 a factor of 616736059?
False
Is 251080424 a multiple of 56?
True
Does 4 divide 248851343?
False
Is 289085296 a multiple of 5692?
True
Does 10 divide 14086433?
False
Is 1685776061 a multiple of 1561?
False
Is 6454789 a multiple of 5?
False
Is 97752963 a multiple of 231?
True
Is 8 a factor of 217703290?
False
Is 287 a factor of 495280413?
False
Is 220268736 a multiple of 192?
True
Does 2039 divide 62235394?
False
Is 138241869 a multiple of 9?
False
Is 289 a factor of 47582441?
False
Does 154 divide 962810156?
True
Does 444 divide 82692517?
False
Is 983480345 a multiple of 857?
True
Is 160111746 a multiple of 51?
True
Is 700 a factor of 49514151?
False
Is 14576835 a multiple of 1664?
False
Is 33741970 a multiple of 10?
True
Is 30 a factor of 360017657?
False
Does 468 divide 4616264484?
True
Is 54247529 a multiple of 1414?
False
Is 29376645 a multiple of 26?
False
Does 58 divide 323114984?
True
Is 1025 a factor of 256020400?
True
Is 87 a factor of 805136847?
False
Is 41034446 a multiple of 68?
False
Is 44376651 a multiple of 354?
False
Is 8960732 a multiple of 7?
False
Is 808 a factor of 4363166600?
False
Does 253 divide 29638323?
False
Is 469831353 a multiple of 263?
True
Is 85 a factor of 3414994?
False
Is 4021919713 a multiple of 140?
False
Is 200 a factor of 232171068?
False
Does 616 divide 21767726?
False
Is 936397939 a multiple of 27?
False
Is 1148 a factor of 43378328?
True
Is 85 a factor of 408707706?
False
Is 151 a factor of 19335852?
True
Is 6952 a factor of 1525699824?
True
Does 14 divide 258635102?
False
Is 53800088 a multiple of 212?
True
Is 